{"id":175,"date":"2018-08-29T17:01:26","date_gmt":"2018-08-29T20:01:26","guid":{"rendered":"http:\/\/127.0.0.1\/SRV\/nef\/palazzomoveis.com.br\/2018\/wordpress\/?page_id=175"},"modified":"2018-10-08T15:36:59","modified_gmt":"2018-10-08T18:36:59","slug":"recepcao","status":"publish","type":"page","link":"https:\/\/www.palazzomoveis.com.br\/wp_palazzo\/moveis\/recepcao\/","title":{"rendered":"Recep\u00e7\u00e3o"},"content":{"rendered":"<h2><strong>LINHA PARA RECEP\u00c7\u00c3O<\/strong><\/h2>\n<p>Balc\u00f5es para recep\u00e7\u00e3o dispon\u00edveis em diversos formatos e configura\u00e7\u00f5es, que formam ambientes din\u00e2micos e diferenciados.<\/p>\n<p>Tampo em MDP dispon\u00edvel nas espessuras de 18 ou 25mm e p\u00e9s e estrutura em a\u00e7o ou MDP.<\/p>\n<div class='white' style='background:rgba(0,0,0,0); border:solid 0px rgba(0,0,0,0); border-radius:0px; padding:0px 0px 0px 0px;'>\n<div id='slider_735' class='owl-carousel sa_owl_theme owl-pagination-true autohide-arrows' data-slider-id='slider_735' style='visibility:hidden;'>\n<div id='slider_735_slide01' class='sa_hover_container' style='padding:0% 0%; margin:0px 0%; min-height:0px; '><p><img fetchpriority=\"high\" decoding=\"async\" class=\"alignnone wp-image-838 size-full\" src=\"http:\/\/www.palazzomoveis.com.br\/wp_palazzo\/wp-content\/uploads\/2018\/09\/Balc\u00e3o.jpg\" alt=\"\" width=\"1138\" height=\"380\" srcset=\"https:\/\/www.palazzomoveis.com.br\/wp_palazzo\/wp-content\/uploads\/2018\/09\/Balc\u00e3o.jpg 1138w, https:\/\/www.palazzomoveis.com.br\/wp_palazzo\/wp-content\/uploads\/2018\/09\/Balc\u00e3o-300x100.jpg 300w, https:\/\/www.palazzomoveis.com.br\/wp_palazzo\/wp-content\/uploads\/2018\/09\/Balc\u00e3o-768x256.jpg 768w, https:\/\/www.palazzomoveis.com.br\/wp_palazzo\/wp-content\/uploads\/2018\/09\/Balc\u00e3o-1024x342.jpg 1024w, https:\/\/www.palazzomoveis.com.br\/wp_palazzo\/wp-content\/uploads\/2018\/09\/Balc\u00e3o-500x167.jpg 500w, https:\/\/www.palazzomoveis.com.br\/wp_palazzo\/wp-content\/uploads\/2018\/09\/Balc\u00e3o-150x50.jpg 150w\" sizes=\"(max-width: 1138px) 100vw, 1138px\" \/><\/p><\/div>\n<div id='slider_735_slide02' class='sa_hover_container' style='padding:0% 0%; margin:0px 0%; min-height:0px; '><p><img decoding=\"async\" class=\"alignnone wp-image-839 size-full\" src=\"http:\/\/www.palazzomoveis.com.br\/wp_palazzo\/wp-content\/uploads\/2018\/09\/Balc\u00e3o-2.jpg\" alt=\"\" width=\"1138\" height=\"380\" srcset=\"https:\/\/www.palazzomoveis.com.br\/wp_palazzo\/wp-content\/uploads\/2018\/09\/Balc\u00e3o-2.jpg 1138w, https:\/\/www.palazzomoveis.com.br\/wp_palazzo\/wp-content\/uploads\/2018\/09\/Balc\u00e3o-2-300x100.jpg 300w, https:\/\/www.palazzomoveis.com.br\/wp_palazzo\/wp-content\/uploads\/2018\/09\/Balc\u00e3o-2-768x256.jpg 768w, https:\/\/www.palazzomoveis.com.br\/wp_palazzo\/wp-content\/uploads\/2018\/09\/Balc\u00e3o-2-1024x342.jpg 1024w, https:\/\/www.palazzomoveis.com.br\/wp_palazzo\/wp-content\/uploads\/2018\/09\/Balc\u00e3o-2-500x167.jpg 500w, https:\/\/www.palazzomoveis.com.br\/wp_palazzo\/wp-content\/uploads\/2018\/09\/Balc\u00e3o-2-150x50.jpg 150w\" sizes=\"(max-width: 1138px) 100vw, 1138px\" \/><\/p><\/div>\n<div id='slider_735_slide03' class='sa_hover_container' style='padding:0% 0%; margin:0px 0%; min-height:0px; '><p><img decoding=\"async\" class=\"alignnone wp-image-840 size-full\" src=\"http:\/\/www.palazzomoveis.com.br\/wp_palazzo\/wp-content\/uploads\/2018\/09\/Balc\u00e3o-3.jpg\" alt=\"\" width=\"1138\" height=\"380\" srcset=\"https:\/\/www.palazzomoveis.com.br\/wp_palazzo\/wp-content\/uploads\/2018\/09\/Balc\u00e3o-3.jpg 1138w, https:\/\/www.palazzomoveis.com.br\/wp_palazzo\/wp-content\/uploads\/2018\/09\/Balc\u00e3o-3-300x100.jpg 300w, https:\/\/www.palazzomoveis.com.br\/wp_palazzo\/wp-content\/uploads\/2018\/09\/Balc\u00e3o-3-768x256.jpg 768w, https:\/\/www.palazzomoveis.com.br\/wp_palazzo\/wp-content\/uploads\/2018\/09\/Balc\u00e3o-3-1024x342.jpg 1024w, https:\/\/www.palazzomoveis.com.br\/wp_palazzo\/wp-content\/uploads\/2018\/09\/Balc\u00e3o-3-500x167.jpg 500w, https:\/\/www.palazzomoveis.com.br\/wp_palazzo\/wp-content\/uploads\/2018\/09\/Balc\u00e3o-3-150x50.jpg 150w\" sizes=\"(max-width: 1138px) 100vw, 1138px\" \/><\/p><\/div>\n<div id='slider_735_slide04' class='sa_hover_container' style='padding:0% 0%; margin:0px 0%; min-height:0px; '><p><img loading=\"lazy\" decoding=\"async\" class=\"alignnone size-full wp-image-739\" src=\"http:\/\/www.palazzomoveis.com.br\/wp_palazzo\/wp-content\/uploads\/2018\/09\/1-5.jpg\" alt=\"\" width=\"1138\" height=\"380\" srcset=\"https:\/\/www.palazzomoveis.com.br\/wp_palazzo\/wp-content\/uploads\/2018\/09\/1-5.jpg 1138w, https:\/\/www.palazzomoveis.com.br\/wp_palazzo\/wp-content\/uploads\/2018\/09\/1-5-300x100.jpg 300w, https:\/\/www.palazzomoveis.com.br\/wp_palazzo\/wp-content\/uploads\/2018\/09\/1-5-768x256.jpg 768w, https:\/\/www.palazzomoveis.com.br\/wp_palazzo\/wp-content\/uploads\/2018\/09\/1-5-1024x342.jpg 1024w, https:\/\/www.palazzomoveis.com.br\/wp_palazzo\/wp-content\/uploads\/2018\/09\/1-5-500x167.jpg 500w, https:\/\/www.palazzomoveis.com.br\/wp_palazzo\/wp-content\/uploads\/2018\/09\/1-5-150x50.jpg 150w\" sizes=\"(max-width: 1138px) 100vw, 1138px\" \/><\/p><\/div>\n<div id='slider_735_slide05' class='sa_hover_container' style='padding:0% 0%; margin:0px 0%; min-height:0px; '><p><img loading=\"lazy\" decoding=\"async\" class=\"alignnone size-full wp-image-740\" src=\"http:\/\/www.palazzomoveis.com.br\/wp_palazzo\/wp-content\/uploads\/2018\/09\/2-5.jpg\" alt=\"\" width=\"1138\" height=\"380\" srcset=\"https:\/\/www.palazzomoveis.com.br\/wp_palazzo\/wp-content\/uploads\/2018\/09\/2-5.jpg 1138w, https:\/\/www.palazzomoveis.com.br\/wp_palazzo\/wp-content\/uploads\/2018\/09\/2-5-300x100.jpg 300w, https:\/\/www.palazzomoveis.com.br\/wp_palazzo\/wp-content\/uploads\/2018\/09\/2-5-768x256.jpg 768w, https:\/\/www.palazzomoveis.com.br\/wp_palazzo\/wp-content\/uploads\/2018\/09\/2-5-1024x342.jpg 1024w, https:\/\/www.palazzomoveis.com.br\/wp_palazzo\/wp-content\/uploads\/2018\/09\/2-5-500x167.jpg 500w, https:\/\/www.palazzomoveis.com.br\/wp_palazzo\/wp-content\/uploads\/2018\/09\/2-5-150x50.jpg 150w\" sizes=\"(max-width: 1138px) 100vw, 1138px\" \/><\/p><\/div>\n<\/div>\n<\/div>\n<script type='text\/javascript'>\n\tjQuery(document).ready(function() {\n\t\tjQuery('#slider_735').owlCarousel({\n\t\t\titems : 1,\n\t\t\tsmartSpeed : 200,\n\t\t\tautoplay : true,\n\t\t\tautoplayTimeout : 5000,\n\t\t\tautoplayHoverPause : true,\n\t\t\tsmartSpeed : 200,\n\t\t\tfluidSpeed : 200,\n\t\t\tautoplaySpeed : 200,\n\t\t\tnavSpeed : 200,\n\t\t\tdotsSpeed : 200,\n\t\t\tloop : true,\n\t\t\tnav : true,\n\t\t\tnavText : ['Previous','Next'],\n\t\t\tdots : true,\n\t\t\tresponsiveRefreshRate : 200,\n\t\t\tslideBy : 1,\n\t\t\tmergeFit : true,\n\t\t\tautoHeight : true,\n\t\t\tmouseDrag : true,\n\t\t\ttouchDrag : true\n\t\t});\n\t\tjQuery('#slider_735').css('visibility', 'visible');\n\t\tvar owl_goto = jQuery('#slider_735');\n\t\tjQuery('.slider_735_goto1').click(function(event){\n\t\t\towl_goto.trigger('to.owl.carousel', 0);\n\t\t});\n\t\tjQuery('.slider_735_goto2').click(function(event){\n\t\t\towl_goto.trigger('to.owl.carousel', 1);\n\t\t});\n\t\tjQuery('.slider_735_goto3').click(function(event){\n\t\t\towl_goto.trigger('to.owl.carousel', 2);\n\t\t});\n\t\tjQuery('.slider_735_goto4').click(function(event){\n\t\t\towl_goto.trigger('to.owl.carousel', 3);\n\t\t});\n\t\tjQuery('.slider_735_goto5').click(function(event){\n\t\t\towl_goto.trigger('to.owl.carousel', 4);\n\t\t});\n\t\tvar resize_735 = jQuery('.owl-carousel');\n\t\tresize_735.on('initialized.owl.carousel', function(e) {\n\t\t\tif (typeof(Event) === 'function') {\n\t\t\t\twindow.dispatchEvent(new Event('resize'));\n\t\t\t} else {\n\t\t\t\tvar evt = window.document.createEvent('UIEvents');\n\t\t\t\tevt.initUIEvent('resize', true, false, window, 0);\n\t\t\t\twindow.dispatchEvent(evt);\n\t\t\t}\n\t\t});\n\t});\n<\/script>\n\n<p><a href=\"javascript:void(0)\" id=\"show-gallery\" class=\"btn btn-default btn-galleries\">VER LINHAS<\/a><a href=\"http:\/\/www.palazzomoveis.com.br\/wp_palazzo\/orcamento?produto=Linha Recep\u00e7\u00e3o\" id=\"show-gallery\" class=\"btn btn-default btn-galleries pull-right\">SOLICITAR OR\u00c7AMENTO<\/a><\/p>\n<div class=\"gallery-thumbs\">&nbsp;<br \/>\n<div class=\"rl-gallery-container rl-loading\" id=\"rl-gallery-container-1\" data-gallery_id=\"178\"> <div class=\"rl-gallery rl-basicgrid-gallery rl-hover-effect-1 rl-hover-icon-2\" id=\"rl-gallery-1\" data-gallery_no=\"1\"> <div class=\"rl-gallery-item\"><a href=\"https:\/\/www.palazzomoveis.com.br\/wp_palazzo\/wp-content\/uploads\/2018\/08\/APOLLO-BALCAO-CANTO-ALTO-FECHADO.jpg\" title=\"\" data-rl_title=\"\" class=\"rl-gallery-link\" data-rl_caption=\"\" data-rel=\"lightbox-gallery-1\"><img loading=\"lazy\" decoding=\"async\" src=\"https:\/\/www.palazzomoveis.com.br\/wp_palazzo\/wp-content\/uploads\/2018\/08\/APOLLO-BALCAO-CANTO-ALTO-FECHADO-300x225.jpg\" width=\"300\" height=\"225\" alt=\"\" \/><span class=\"rl-gallery-caption\"><span class=\"rl-gallery-item-title\">APOLLO&#8212;BALCAO-CANTO-ALTO-FECHADO<\/span><span class=\"rl-gallery-item-caption\">APOLLO&#8212;BALCAO-CANTO-ALTO-FECHADO<\/span><\/span><\/a><\/div><div class=\"rl-gallery-item\"><a href=\"https:\/\/www.palazzomoveis.com.br\/wp_palazzo\/wp-content\/uploads\/2018\/08\/APOLLO-BALCAO-CANTO-ALTO-VAZADO.jpg\" title=\"\" data-rl_title=\"\" class=\"rl-gallery-link\" data-rl_caption=\"\" data-rel=\"lightbox-gallery-1\"><img loading=\"lazy\" decoding=\"async\" src=\"https:\/\/www.palazzomoveis.com.br\/wp_palazzo\/wp-content\/uploads\/2018\/08\/APOLLO-BALCAO-CANTO-ALTO-VAZADO-300x225.jpg\" width=\"300\" height=\"225\" alt=\"\" \/><span class=\"rl-gallery-caption\"><span class=\"rl-gallery-item-title\">APOLLO&#8212;BALCAO-CANTO-ALTO-VAZADO<\/span><span class=\"rl-gallery-item-caption\">APOLLO&#8212;BALCAO-CANTO-ALTO-VAZADO<\/span><\/span><\/a><\/div><div class=\"rl-gallery-item\"><a href=\"https:\/\/www.palazzomoveis.com.br\/wp_palazzo\/wp-content\/uploads\/2018\/08\/APOLLO-BALCAO-CANTO-BAIXO.jpg\" title=\"\" data-rl_title=\"\" class=\"rl-gallery-link\" data-rl_caption=\"\" data-rel=\"lightbox-gallery-1\"><img loading=\"lazy\" decoding=\"async\" src=\"https:\/\/www.palazzomoveis.com.br\/wp_palazzo\/wp-content\/uploads\/2018\/08\/APOLLO-BALCAO-CANTO-BAIXO-300x225.jpg\" width=\"300\" height=\"225\" alt=\"\" \/><span class=\"rl-gallery-caption\"><span class=\"rl-gallery-item-title\">APOLLO&#8212;BALCAO-CANTO-BAIXO<\/span><span class=\"rl-gallery-item-caption\">APOLLO&#8212;BALCAO-CANTO-BAIXO<\/span><\/span><\/a><\/div><div class=\"rl-gallery-item\"><a href=\"https:\/\/www.palazzomoveis.com.br\/wp_palazzo\/wp-content\/uploads\/2018\/08\/APOLLO-BALCAO-RETO-ALTO-FECHADO.jpg\" title=\"\" data-rl_title=\"\" class=\"rl-gallery-link\" data-rl_caption=\"\" data-rel=\"lightbox-gallery-1\"><img loading=\"lazy\" decoding=\"async\" src=\"https:\/\/www.palazzomoveis.com.br\/wp_palazzo\/wp-content\/uploads\/2018\/08\/APOLLO-BALCAO-RETO-ALTO-FECHADO-300x225.jpg\" width=\"300\" height=\"225\" alt=\"\" \/><span class=\"rl-gallery-caption\"><span class=\"rl-gallery-item-title\">APOLLO&#8212;BALCAO-RETO-ALTO-FECHADO<\/span><span class=\"rl-gallery-item-caption\">APOLLO&#8212;BALCAO-RETO-ALTO-FECHADO<\/span><\/span><\/a><\/div><div class=\"rl-gallery-item\"><a href=\"https:\/\/www.palazzomoveis.com.br\/wp_palazzo\/wp-content\/uploads\/2018\/08\/APOLLO-BALCAO-RETO-ALTO-VAZADO.jpg\" title=\"\" data-rl_title=\"\" class=\"rl-gallery-link\" data-rl_caption=\"\" data-rel=\"lightbox-gallery-1\"><img loading=\"lazy\" decoding=\"async\" src=\"https:\/\/www.palazzomoveis.com.br\/wp_palazzo\/wp-content\/uploads\/2018\/08\/APOLLO-BALCAO-RETO-ALTO-VAZADO-300x225.jpg\" width=\"300\" height=\"225\" alt=\"\" \/><span class=\"rl-gallery-caption\"><span class=\"rl-gallery-item-title\">APOLLO&#8212;BALCAO-RETO-ALTO-VAZADO<\/span><span class=\"rl-gallery-item-caption\">APOLLO&#8212;BALCAO-RETO-ALTO-VAZADO<\/span><\/span><\/a><\/div><div class=\"rl-gallery-item\"><a href=\"https:\/\/www.palazzomoveis.com.br\/wp_palazzo\/wp-content\/uploads\/2018\/08\/APOLLO-BALCAO-RETO-BAIXO.jpg\" title=\"\" data-rl_title=\"\" class=\"rl-gallery-link\" data-rl_caption=\"\" data-rel=\"lightbox-gallery-1\"><img loading=\"lazy\" decoding=\"async\" src=\"https:\/\/www.palazzomoveis.com.br\/wp_palazzo\/wp-content\/uploads\/2018\/08\/APOLLO-BALCAO-RETO-BAIXO-300x225.jpg\" width=\"300\" height=\"225\" alt=\"\" \/><span class=\"rl-gallery-caption\"><span class=\"rl-gallery-item-title\">APOLLO&#8212;BALCAO-RETO-BAIXO<\/span><span class=\"rl-gallery-item-caption\">APOLLO&#8212;BALCAO-RETO-BAIXO<\/span><\/span><\/a><\/div><div class=\"rl-gallery-item\"><a href=\"https:\/\/www.palazzomoveis.com.br\/wp_palazzo\/wp-content\/uploads\/2018\/08\/ATENAS-BALCAO-CANTO-ALTO.jpg\" title=\"\" data-rl_title=\"\" class=\"rl-gallery-link\" data-rl_caption=\"\" data-rel=\"lightbox-gallery-1\"><img loading=\"lazy\" decoding=\"async\" src=\"https:\/\/www.palazzomoveis.com.br\/wp_palazzo\/wp-content\/uploads\/2018\/08\/ATENAS-BALCAO-CANTO-ALTO-300x225.jpg\" width=\"300\" height=\"225\" alt=\"\" \/><span class=\"rl-gallery-caption\"><span class=\"rl-gallery-item-title\">ATENAS&#8212;BALCAO-CANTO-ALTO<\/span><span class=\"rl-gallery-item-caption\">ATENAS&#8212;BALCAO-CANTO-ALTO<\/span><\/span><\/a><\/div><div class=\"rl-gallery-item\"><a href=\"https:\/\/www.palazzomoveis.com.br\/wp_palazzo\/wp-content\/uploads\/2018\/08\/ATENAS-BALCAO-RETO-ALTO.jpg\" title=\"\" data-rl_title=\"\" class=\"rl-gallery-link\" data-rl_caption=\"\" data-rel=\"lightbox-gallery-1\"><img loading=\"lazy\" decoding=\"async\" src=\"https:\/\/www.palazzomoveis.com.br\/wp_palazzo\/wp-content\/uploads\/2018\/08\/ATENAS-BALCAO-RETO-ALTO-300x225.jpg\" width=\"300\" height=\"225\" alt=\"\" \/><span class=\"rl-gallery-caption\"><span class=\"rl-gallery-item-title\">ATENAS&#8212;BALCAO-RETO-ALTO<\/span><span class=\"rl-gallery-item-caption\">ATENAS&#8212;BALCAO-RETO-ALTO<\/span><\/span><\/a><\/div><div class=\"rl-gallery-item\"><a href=\"https:\/\/www.palazzomoveis.com.br\/wp_palazzo\/wp-content\/uploads\/2018\/08\/ATENAS-BALCAO-RETO-BAIXO.jpg\" title=\"\" data-rl_title=\"\" class=\"rl-gallery-link\" data-rl_caption=\"\" data-rel=\"lightbox-gallery-1\"><img loading=\"lazy\" decoding=\"async\" src=\"https:\/\/www.palazzomoveis.com.br\/wp_palazzo\/wp-content\/uploads\/2018\/08\/ATENAS-BALCAO-RETO-BAIXO-300x225.jpg\" width=\"300\" height=\"225\" alt=\"\" \/><span class=\"rl-gallery-caption\"><span class=\"rl-gallery-item-title\">ATENAS&#8212;BALCAO-RETO-BAIXO<\/span><span class=\"rl-gallery-item-caption\">ATENAS&#8212;BALCAO-RETO-BAIXO<\/span><\/span><\/a><\/div><div class=\"rl-gallery-item\"><a href=\"https:\/\/www.palazzomoveis.com.br\/wp_palazzo\/wp-content\/uploads\/2018\/08\/CHROMA-BALCAO-CURVO-ALTO-ADICIONAL.jpg\" title=\"\" data-rl_title=\"\" class=\"rl-gallery-link\" data-rl_caption=\"\" data-rel=\"lightbox-gallery-1\"><img loading=\"lazy\" decoding=\"async\" src=\"https:\/\/www.palazzomoveis.com.br\/wp_palazzo\/wp-content\/uploads\/2018\/08\/CHROMA-BALCAO-CURVO-ALTO-ADICIONAL-300x225.jpg\" width=\"300\" height=\"225\" alt=\"\" \/><span class=\"rl-gallery-caption\"><span class=\"rl-gallery-item-title\">CHROMA&#8212;BALCAO-CURVO-ALTO-ADICIONAL<\/span><span class=\"rl-gallery-item-caption\">CHROMA&#8212;BALCAO-CURVO-ALTO-ADICIONAL<\/span><\/span><\/a><\/div><div class=\"rl-gallery-item\"><a href=\"https:\/\/www.palazzomoveis.com.br\/wp_palazzo\/wp-content\/uploads\/2018\/08\/CHROMA-BALCAO-CURVO-ALTO-COMPLETO.jpg\" title=\"\" data-rl_title=\"\" class=\"rl-gallery-link\" data-rl_caption=\"\" data-rel=\"lightbox-gallery-1\"><img loading=\"lazy\" decoding=\"async\" src=\"https:\/\/www.palazzomoveis.com.br\/wp_palazzo\/wp-content\/uploads\/2018\/08\/CHROMA-BALCAO-CURVO-ALTO-COMPLETO-300x225.jpg\" width=\"300\" height=\"225\" alt=\"\" \/><span class=\"rl-gallery-caption\"><span class=\"rl-gallery-item-title\">CHROMA&#8212;BALCAO-CURVO-ALTO-COMPLETO<\/span><span class=\"rl-gallery-item-caption\">CHROMA&#8212;BALCAO-CURVO-ALTO-COMPLETO<\/span><\/span><\/a><\/div><div class=\"rl-gallery-item\"><a href=\"https:\/\/www.palazzomoveis.com.br\/wp_palazzo\/wp-content\/uploads\/2018\/08\/CHROMA-BALCAO-CURVO-BAIXO-ADICIONAL.jpg\" title=\"\" data-rl_title=\"\" class=\"rl-gallery-link\" data-rl_caption=\"\" data-rel=\"lightbox-gallery-1\"><img loading=\"lazy\" decoding=\"async\" src=\"https:\/\/www.palazzomoveis.com.br\/wp_palazzo\/wp-content\/uploads\/2018\/08\/CHROMA-BALCAO-CURVO-BAIXO-ADICIONAL-300x225.jpg\" width=\"300\" height=\"225\" alt=\"\" \/><span class=\"rl-gallery-caption\"><span class=\"rl-gallery-item-title\">CHROMA&#8212;BALCAO-CURVO-BAIXO-ADICIONAL<\/span><span class=\"rl-gallery-item-caption\">CHROMA&#8212;BALCAO-CURVO-BAIXO-ADICIONAL<\/span><\/span><\/a><\/div><div class=\"rl-gallery-item\"><a href=\"https:\/\/www.palazzomoveis.com.br\/wp_palazzo\/wp-content\/uploads\/2018\/08\/CHROMA-BALCAO-CURVO-BAIXO-COMPLETO.jpg\" title=\"\" data-rl_title=\"\" class=\"rl-gallery-link\" data-rl_caption=\"\" data-rel=\"lightbox-gallery-1\"><img loading=\"lazy\" decoding=\"async\" src=\"https:\/\/www.palazzomoveis.com.br\/wp_palazzo\/wp-content\/uploads\/2018\/08\/CHROMA-BALCAO-CURVO-BAIXO-COMPLETO-300x225.jpg\" width=\"300\" height=\"225\" alt=\"\" \/><span class=\"rl-gallery-caption\"><span class=\"rl-gallery-item-title\">CHROMA&#8212;BALCAO-CURVO-BAIXO-COMPLETO<\/span><span class=\"rl-gallery-item-caption\">CHROMA&#8212;BALCAO-CURVO-BAIXO-COMPLETO<\/span><\/span><\/a><\/div><div class=\"rl-gallery-item\"><a href=\"https:\/\/www.palazzomoveis.com.br\/wp_palazzo\/wp-content\/uploads\/2018\/08\/CHROMA-BALCAO-RETO-ALTO-ADICIONAL.jpg\" title=\"\" data-rl_title=\"\" class=\"rl-gallery-link\" data-rl_caption=\"\" data-rel=\"lightbox-gallery-1\"><img loading=\"lazy\" decoding=\"async\" src=\"https:\/\/www.palazzomoveis.com.br\/wp_palazzo\/wp-content\/uploads\/2018\/08\/CHROMA-BALCAO-RETO-ALTO-ADICIONAL-300x225.jpg\" width=\"300\" height=\"225\" alt=\"\" \/><span class=\"rl-gallery-caption\"><span class=\"rl-gallery-item-title\">CHROMA&#8212;BALCAO-RETO-ALTO-ADICIONAL<\/span><span class=\"rl-gallery-item-caption\">CHROMA&#8212;BALCAO-RETO-ALTO-ADICIONAL<\/span><\/span><\/a><\/div><div class=\"rl-gallery-item\"><a href=\"https:\/\/www.palazzomoveis.com.br\/wp_palazzo\/wp-content\/uploads\/2018\/08\/CHROMA-BALCAO-RETO-ALTO-COMPLETO.jpg\" title=\"\" data-rl_title=\"\" class=\"rl-gallery-link\" data-rl_caption=\"\" data-rel=\"lightbox-gallery-1\"><img loading=\"lazy\" decoding=\"async\" src=\"https:\/\/www.palazzomoveis.com.br\/wp_palazzo\/wp-content\/uploads\/2018\/08\/CHROMA-BALCAO-RETO-ALTO-COMPLETO-300x225.jpg\" width=\"300\" height=\"225\" alt=\"\" \/><span class=\"rl-gallery-caption\"><span class=\"rl-gallery-item-title\">CHROMA&#8212;BALCAO-RETO-ALTO-COMPLETO<\/span><span class=\"rl-gallery-item-caption\">CHROMA&#8212;BALCAO-RETO-ALTO-COMPLETO<\/span><\/span><\/a><\/div><div class=\"rl-gallery-item\"><a href=\"https:\/\/www.palazzomoveis.com.br\/wp_palazzo\/wp-content\/uploads\/2018\/08\/CHROMA-BALCAO-RETO-BAIXO-ADICIONAL.jpg\" title=\"\" data-rl_title=\"\" class=\"rl-gallery-link\" data-rl_caption=\"\" data-rel=\"lightbox-gallery-1\"><img loading=\"lazy\" decoding=\"async\" src=\"https:\/\/www.palazzomoveis.com.br\/wp_palazzo\/wp-content\/uploads\/2018\/08\/CHROMA-BALCAO-RETO-BAIXO-ADICIONAL-300x225.jpg\" width=\"300\" height=\"225\" alt=\"\" \/><span class=\"rl-gallery-caption\"><span class=\"rl-gallery-item-title\">CHROMA&#8212;BALCAO-RETO-BAIXO-ADICIONAL<\/span><span class=\"rl-gallery-item-caption\">CHROMA&#8212;BALCAO-RETO-BAIXO-ADICIONAL<\/span><\/span><\/a><\/div><div class=\"rl-gallery-item\"><a href=\"https:\/\/www.palazzomoveis.com.br\/wp_palazzo\/wp-content\/uploads\/2018\/08\/CHROMA-BALCAO-RETO-BAIXO-COMPLETO.jpg\" title=\"\" data-rl_title=\"\" class=\"rl-gallery-link\" data-rl_caption=\"\" data-rel=\"lightbox-gallery-1\"><img loading=\"lazy\" decoding=\"async\" src=\"https:\/\/www.palazzomoveis.com.br\/wp_palazzo\/wp-content\/uploads\/2018\/08\/CHROMA-BALCAO-RETO-BAIXO-COMPLETO-300x225.jpg\" width=\"300\" height=\"225\" alt=\"\" \/><span class=\"rl-gallery-caption\"><span class=\"rl-gallery-item-title\">CHROMA&#8212;BALCAO-RETO-BAIXO-COMPLETO<\/span><span class=\"rl-gallery-item-caption\">CHROMA&#8212;BALCAO-RETO-BAIXO-COMPLETO<\/span><\/span><\/a><\/div> <\/div> <\/div>\n<\/div>\n","protected":false},"excerpt":{"rendered":"<p>LINHA PARA RECEP\u00c7\u00c3O Balc\u00f5es para recep\u00e7\u00e3o dispon\u00edveis em diversos formatos e configura\u00e7\u00f5es, que formam ambientes din\u00e2micos e diferenciados. Tampo em MDP dispon\u00edvel nas espessuras de 18 ou 25mm e p\u00e9s e estrutura em a\u00e7o ou MDP. VER LINHASSOLICITAR OR\u00c7AMENTO &nbsp;<\/p>\n","protected":false},"author":1,"featured_media":27,"parent":38,"menu_order":0,"comment_status":"closed","ping_status":"closed","template":"page-produtos.php","meta":{"_acf_changed":false,"footnotes":""},"class_list":["post-175","page","type-page","status-publish","has-post-thumbnail","hentry"],"acf":[],"_links":{"self":[{"href":"https:\/\/www.palazzomoveis.com.br\/wp_palazzo\/wp-json\/wp\/v2\/pages\/175","targetHints":{"allow":["GET"]}}],"collection":[{"href":"https:\/\/www.palazzomoveis.com.br\/wp_palazzo\/wp-json\/wp\/v2\/pages"}],"about":[{"href":"https:\/\/www.palazzomoveis.com.br\/wp_palazzo\/wp-json\/wp\/v2\/types\/page"}],"author":[{"embeddable":true,"href":"https:\/\/www.palazzomoveis.com.br\/wp_palazzo\/wp-json\/wp\/v2\/users\/1"}],"replies":[{"embeddable":true,"href":"https:\/\/www.palazzomoveis.com.br\/wp_palazzo\/wp-json\/wp\/v2\/comments?post=175"}],"version-history":[{"count":7,"href":"https:\/\/www.palazzomoveis.com.br\/wp_palazzo\/wp-json\/wp\/v2\/pages\/175\/revisions"}],"predecessor-version":[{"id":809,"href":"https:\/\/www.palazzomoveis.com.br\/wp_palazzo\/wp-json\/wp\/v2\/pages\/175\/revisions\/809"}],"up":[{"embeddable":true,"href":"https:\/\/www.palazzomoveis.com.br\/wp_palazzo\/wp-json\/wp\/v2\/pages\/38"}],"wp:featuredmedia":[{"embeddable":true,"href":"https:\/\/www.palazzomoveis.com.br\/wp_palazzo\/wp-json\/wp\/v2\/media\/27"}],"wp:attachment":[{"href":"https:\/\/www.palazzomoveis.com.br\/wp_palazzo\/wp-json\/wp\/v2\/media?parent=175"}],"curies":[{"name":"wp","href":"https:\/\/api.w.org\/{rel}","templated":true}]}}